n + -21. What is the tens digit of l?
1
Let w = 0 + 4. Suppose -w + 16 = d. Suppose -b = 4 - d. What is the units digit of b?
8
Let m(v) = -3*v**2 - 9*v - 7. Let w(o) = 16*o**2 + 46*o + 36. Let q(a) = 11*m(a) + 2*w(a). Let r be q(-4). Suppose -5*b - r = -42. What is the units digit of b?
7
Let p(w) = -w + 7. Let k be p(3). Suppose -3*f = k - 19. What is the units digit of f?
5
Suppose 0 = 2*u + v - 4*v - 678, 0 = -3*u + 3*v + 1014. What is the tens digit of u?
3
Suppose 0 = -5*i + 20, -4*i - 8 = -2*n - 3*i. Suppose a + 4 = n. What is the units digit of a?
2
Suppose -5*l - 4 - 31 = -h, -2*l = h - 21. What is the units digit of h?
5
Let x = -80 + 171. Suppose 4*r - x = 53. What is the units digit of r?
6
Let m(f) be the second derivative of f**4/12 - 3*f**3/2 + 6*f**2 - f. What is the units digit of m(8)?
4
Let v be 114/7 - 12/42. Let n = v - 4. What is the units digit of n?
2
Let f = 35 - 22. What is the tens digit of f?
1
Let z(c) be the second derivative of c**5/20 - c**3/6 + c**2/2 - c. Let k(m) = m**3 - 9*m**2 - 11*m + 11. Let j be k(10). What is the units digit of z(j)?
1
Suppose -3 = -8*n + 645. What is the tens digit of n?
8
Suppose -3*z = k - 3, 3*k = 8*z - 12*z + 29. What is the tens digit of k?
1
Let j be 2/(-8) + (-38)/8. Let i(a) = 2*a**2 + 6*a + 1. What is the units digit of i(j)?
1
Let v(h) = -4 + 2*h + 4*h**2 + h**3 + 6*h + h - 13*h**2. What is the units digit of v(8)?
4
Let q(h) = h + 26. Let b = -13 - -2. What is the tens digit of q(b)?
1
Suppose -x - u - 4 = -0, 0 = u. Suppose 3*d = d + 16. Let j = d - x. What is the tens digit of j?
1
Let b = -14 - -18. Let r(i) = 7*i + 5. What is the tens digit of r(b)?
3
Suppose -1 + 5 = 4*i. What is the units digit of i?
1
Suppose 4*v = -3*c - 7, 11 = c - 0*c - 2*v. Let m = 11 - c. What is the units digit of m?
8
Let o(v) = v**2 + 2*v + 1. Let a be o(-3). Suppose a*s - 94 = 2*s. Suppose 4*l - 3*m - 63 = 0, -l + 5*m + s - 10 = 0. What is the units digit of l?
2
Suppose 0 = a - 0*a + 1. Let n be 4/(-2)*(-2)/a. Let l = n - -8. What is the units digit of l?
4
Let k(a) = a**3 + 6*a**2 + 6*a - 5. Let u be k(-5). Let j(d) = -6*d - 11. What is the tens digit of j(u)?
4
Let a = 16 - 20. Suppose 0 = 3*s + 4*j - 70, -5*s + j = -s - 87. What is the tens digit of a/s - 670/(-55)?
1
Let r(f) = f. What is the units digit of r(18)?
8
Suppose 5*b + 20 = 4*a + 3*b, 3*a = 3*b + 12. Let s = 22 + a. What is the units digit of s?
8
Suppose k = -2*x + 2, -2*x + 7 + 7 = -5*k. Suppose 3*c + f = -f + 145, -3*c = -x*f - 137. What is the units digit of c?
7
Suppose 0 = 2*x + 2*x - 204. What is the units digit of x?
1
What is the units digit of ((-27)/(-4))/((-33)/(-176))?
6
Let h(c) = -26*c**3 - 2*c**2 + 2*c + 2. What is the hundreds digit of h(-2)?
1
Let d be 1/1*(10 - -25). Let x = d + -18. What is the units digit of x?
7
Let u(d) = -d**2 - 23*d + 34. What is the units digit of u(-20)?
4
Let u = -32 + 53. What is the tens digit of u?
2
Let s = 268 + -128. What is the hundreds digit of s?
1
What is the tens digit of 5/25 + (-528)/(-10)?
5
Suppose -3*n + 3 = 0, -4*v + 2*v - 10 = -4*n. Let s(j) = -j**2 - 3*j + 1. What is the units digit of s(v)?
1
Suppose -h - 26 = -2*h. Let x = 60 - h. What is the tens digit of x?
3
Let j = 107 - 64. What is the tens digit of j?
4
Let w = 205 - 77. Suppose 3*u - w = -u. What is the tens digit of u?
3
Let k be (-6)/(-8) - (-7)/(-4). What is the units digit of -1*7/1*k?
7
Let p = -603 + 1006. What is the units digit of p?
3
Let r = 17 + -10. Let q(j) = 4*j - 8. What is the units digit of q(r)?
0
Let r(x) = 7*x**2 + 8*x - 12. Let u(l) = 15*l**2 + 16*l - 25. Let p(n) = 13*r(n) - 6*u(n). Let b be p(-9). Let m = b - 0. What is the units digit of m?
3
Let s(f) = -f**3 + f + 3. Let q be s(0). Let t = 8 - q. What is the units digit of ((-1)/(-2))/(t/20)?
2
Let q(i) be the first derivative of -i**4/4 + 5*i**3/3 + 4*i**2 - 11*i - 9. What is the units digit of q(5)?
9
Suppose -3 = 2*j - 7. Let z = j + 7. What is the units digit of z?
9
Let p(f) be the second derivative of f**4/12 + 3*f**3/2 - 4*f**2 + 3*f. What is the units digit of p(-10)?
2
Suppose -66*s - 669 = -69*s. What is the hundreds digit of s?
2
Let u = 7 + -5. Suppose 0 = -3*d, 3*a + u*d = -d + 18. Suppose 7*y = a*y + 2. What is the units digit of y?
2
Suppose 0 = -3*f + 4*f. Suppose -2*y - 3 + 27 = f. Let q = 26 - y. What is the units digit of q?
4
Suppose 7*j - 20 = 2*j. Suppose -j*y + 5*q + 154 = -2, -117 = -3*y - 5*q. What is the tens digit of y?
3
Let y = -140 + 47. Let b be ((-2)/3)/(2/y). Suppose b = 5*w - 64. What is the units digit of w?
9
Suppose 2*m = 3*m - 57. What is the units digit of m?
7
Suppose -45 = -5*g + 3*m, -5*g - 4*m + 68 = -g. What is the units digit of 45/g*(-16)/(-6)?
0
Let b = 0 + 39. What is the units digit of b?
9
Let l be 107/4 + (-5)/(-20). Suppose -u + 3*r + 6 = 4*r, 2*r = -5*u + l. What is the units digit of u?
5
Let z = 2 - -8. What is the tens digit of 2/z - (-1071)/45?
2
Suppose r = 4*q - 4*r - 93, 2*q = -3*r + 19. Let n = -31 + 60. Let s = n - q. What is the units digit of s?
2
Let i(h) = -2*h**2 + 31*h + 8. What is the units digit of i(15)?
3
Suppose y - 220 = -4*y. What is the units digit of y?
4
Suppose -3*x + 2328 = 9*x. What is the tens digit of x?
9
Let h be -3*(-1)/(-2 - -1). Let d = -6 - h. Let i = d + 11. What is the units digit of i?
8
Suppose 6*g = 4*g. Suppose g = n - 5. What is the units digit of n?
5
Let y(h) = 31*h - 1. What is the units digit of y(8)?
7
Let z = -21 + 4. Let g = -10 - z. What is the units digit of g/5 - 8/20?
1
Let h(s) be the second derivative of -1/3*s**3 + 3*s + s**2 + 0. What is the units digit of h(-4)?
0
Let i = 6 + -5. What is the tens digit of 27 - (i - (3 + -4))?
2
Let n(t) = t**3 + 4*t**2 - 7*t - 1. Let j be n(-5). Suppose 0 = -0*s + s - j. What is the units digit of s?
9
Suppose 3*w + 9 = -3*d, -d - 4*d - 21 = 2*w. Suppose -5*h + 45 = 2*b, 4*h + b = w*h + 18. Suppose -h = 4*v - 7*v. What is the units digit of v?
3
Let q(i) = 6*i + 1. Let h be q(1). Let p = 11 + h. What is the tens digit of p?
1
Let f(r) = r - 11. Let y be f(0). What is the tens digit of -3 - -5 - -1 - y?
1
Let c(n) = 119*n**3 + n**2 + n - 2. What is the tens digit of c(1)?
1
Let v = 9 - 5. Suppose v = h + h. Suppose -g = h*g - 57. What is the units digit of g?
9
Suppose -u + 2*q + 34 = -2*q, 128 = 3*u + q. What is the tens digit of u?
4
Let h be (3/(-6))/(1/(-16)). Let c be 15/20 - 102/h. What is the units digit of 1/4 + (-9)/c?
1
Let h(s) be the first derivative of -s**3/3 - 5*s**2 - 5*s - 3. What is the tens digit of h(-7)?
1
What is the units digit of (1 + 13)*12/42?
4
Suppose -3*u + 85 = 25. Suppose -2 = -w + 2. Suppose 8*o - u = w*o. What is the units digit of o?
5
Let m = 41 - 25. Suppose 4*p - m = 4. Let v(y) = -y**3 + 4*y**2 + 7*y - 4. What is the units digit of v(p)?
6
Suppose -4*f - 3*m - 9 = -2*m, -3*f - 18 = 3*m. Let q be (2/3)/(f/(-6)). Suppose -2 + 9 = -c - 5*n, -4*c + q*n = -68. What is the tens digit of c?
1
Let v(q) = -q - 3. Let x be v(-7). What is the units digit of 9 - ((x - 3) + 2)?
6
Suppose -4 + 1 = -3*y. Let l = 10 + y. What is the units digit of l?
1
Suppose 4*u + 20 = -5*s - u, 4*s - 3*u = 12. What is the units digit of (1 - s)/(2/38)?
9
Suppose -u = -5*w - 8, 4*w + 4 = -0*w + 2*u. Let v(c) = c**2 + 1. Let l be v(w). Suppose l*f + 12 = t, -40 = -5*t + 5*f - 0*f. What is the units digit of t?
7
Suppose -15 = -2*g + j + 5, -4*g - 4*j = -64. What is the tens digit of g?
1
Suppose 0 = f + f - 6. Suppose -f*u - 194 = -5*u. Suppose -21 = 4*c - u. What is the tens digit of c?
1
Suppose 3*k = 4*k - 1. Let n = k - -9. What is the tens digit of n?
1
Let p be (-3)/(-2)*(-16)/(-6). Suppose -s + p*s - 27 = 0. What is the units digit of s?
9
Suppose 3*h - 169 = -4*d + 2*h, 3*d = 3*h + 108. What is the tens digit of d?
4
Let b = -15 - -17. What is the units digit of b?
2
Suppose 76 = -0*r + 4*r. What is the tens digit of r?
1
Suppose 0 = 10*j - 13*j - 21. Let g(t) = -t**2 + t + 1. Let m be g(3). What is the units digit of 4 + j - (m - 2)?
4
What is the tens digit of (5/(-5))/(1/(-76))?
7
Let x(t) be the second derivative of t**4/12 + t**3 + 2*t**2 - 5*t. Let i(n) = -7*n**2 - 2*n - 1. Let j be i(-1). What is the units digit of x(j)?
4
Let d be 10 + (-2 + 0)/2. Suppose y - d 